[INFO] fetching crate rust-blas 0.1.3...
[INFO] building rust-blas-0.1.3 against master#881c1ac408d93bb7adaa3a51dabab9266e82eee8 for issue-85264
[INFO] extracting crate rust-blas 0.1.3 into /workspace/builds/worker-0/source
[INFO] validating manifest of crates.io crate rust-blas 0.1.3 on toolchain 881c1ac408d93bb7adaa3a51dabab9266e82eee8
[INFO] running `Command { std: "/workspace/cargo-home/bin/cargo" "+881c1ac408d93bb7adaa3a51dabab9266e82eee8" "metadata" "--manifest-path" "Cargo.toml" "--no-deps", kill_on_drop: false }`
[INFO] started tweaking crates.io crate rust-blas 0.1.3
[INFO] finished tweaking crates.io crate rust-blas 0.1.3
[INFO] tweaked toml for crates.io crate rust-blas 0.1.3 written to /workspace/builds/worker-0/source/Cargo.toml
[INFO] crate crates.io crate rust-blas 0.1.3 already has a lockfile, it will not be regenerated
[INFO] running `Command { std: "/workspace/cargo-home/bin/cargo" "+881c1ac408d93bb7adaa3a51dabab9266e82eee8" "fetch" "--manifest-path" "Cargo.toml", kill_on_drop: false }`
[INFO] running `Command { std: "docker" "create" "-v" "/var/lib/crater-agent-workspace/builds/worker-0/target:/opt/rustwide/target:rw,Z" "-v" "/var/lib/crater-agent-workspace/builds/worker-0/source:/opt/rustwide/workdir:ro,Z" "-v" "/var/lib/crater-agent-workspace/cargo-home:/opt/rustwide/cargo-home:ro,Z" "-v" "/var/lib/crater-agent-workspace/rustup-home:/opt/rustwide/rustup-home:ro,Z" "-e" "SOURCE_DIR=/opt/rustwide/workdir" "-e" "CARGO_TARGET_DIR=/opt/rustwide/target" "-e" "CARGO_HOME=/opt/rustwide/cargo-home" "-e" "RUSTUP_HOME=/opt/rustwide/rustup-home" "-w" "/opt/rustwide/workdir" "-m" "1610612736" "--user" "0:0" "--network" "none" "ghcr.io/rust-lang/crates-build-env/linux@sha256:20528e8c29e4536546f0102ce88568b16ea7538393a33fcca951030f7af10457" "/opt/rustwide/cargo-home/bin/cargo" "+881c1ac408d93bb7adaa3a51dabab9266e82eee8" "metadata" "--no-deps" "--format-version=1", kill_on_drop: false }`
[INFO] [stdout] 453f418a117a7c2c579220dd1c2bb4d6a9c4d3839e329d7bc50259b08152d258
[INFO] [stderr] WARNING: Your kernel does not support swap limit capabilities or the cgroup is not mounted. Memory limited without swap.
[INFO] running `Command { std: "docker" "start" "-a" "453f418a117a7c2c579220dd1c2bb4d6a9c4d3839e329d7bc50259b08152d258", kill_on_drop: false }`
[INFO] running `Command { std: "docker" "inspect" "453f418a117a7c2c579220dd1c2bb4d6a9c4d3839e329d7bc50259b08152d258", kill_on_drop: false }`
[INFO] running `Command { std: "docker" "rm" "-f" "453f418a117a7c2c579220dd1c2bb4d6a9c4d3839e329d7bc50259b08152d258", kill_on_drop: false }`
[INFO] [stdout] 453f418a117a7c2c579220dd1c2bb4d6a9c4d3839e329d7bc50259b08152d258
[INFO] running `Command { std: "docker" "create" "-v" "/var/lib/crater-agent-workspace/builds/worker-0/target:/opt/rustwide/target:rw,Z" "-v" "/var/lib/crater-agent-workspace/builds/worker-0/source:/opt/rustwide/workdir:ro,Z" "-v" "/var/lib/crater-agent-workspace/cargo-home:/opt/rustwide/cargo-home:ro,Z" "-v" "/var/lib/crater-agent-workspace/rustup-home:/opt/rustwide/rustup-home:ro,Z" "-e" "SOURCE_DIR=/opt/rustwide/workdir" "-e" "CARGO_TARGET_DIR=/opt/rustwide/target" "-e" "CARGO_INCREMENTAL=0" "-e" "RUST_BACKTRACE=full" "-e" "RUSTFLAGS=--cap-lints=forbid" "-e" "CARGO_HOME=/opt/rustwide/cargo-home" "-e" "RUSTUP_HOME=/opt/rustwide/rustup-home" "-w" "/opt/rustwide/workdir" "-m" "1610612736" "--user" "0:0" "--network" "none" "ghcr.io/rust-lang/crates-build-env/linux@sha256:20528e8c29e4536546f0102ce88568b16ea7538393a33fcca951030f7af10457" "/opt/rustwide/cargo-home/bin/cargo" "+881c1ac408d93bb7adaa3a51dabab9266e82eee8" "build" "--frozen" "--message-format=json", kill_on_drop: false }`
[INFO] [stdout] 7e08ba04bd9a27b0e660ec1d9296f221577d62ebbbb5b483df0470e552d2f097
[INFO] [stderr] WARNING: Your kernel does not support swap limit capabilities or the cgroup is not mounted. Memory limited without swap.
[INFO] running `Command { std: "docker" "start" "-a" "7e08ba04bd9a27b0e660ec1d9296f221577d62ebbbb5b483df0470e552d2f097", kill_on_drop: false }`
[INFO] [stderr]    Compiling autocfg v1.0.0
[INFO] [stderr]    Compiling libc v0.2.71
[INFO] [stderr]    Compiling rust-blas v0.1.3 (/opt/rustwide/workdir)
[INFO] [stderr]    Compiling num-traits v0.2.11
[INFO] [stderr]    Compiling num-integer v0.1.42
[INFO] [stderr]    Compiling num-bigint v0.2.6
[INFO] [stderr]    Compiling num-complex v0.2.4
[INFO] [stderr]    Compiling num-iter v0.1.40
[INFO] [stderr]    Compiling num-rational v0.2.4
[INFO] [stderr]    Compiling num v0.2.1
[INFO] [stderr]     Finished dev [unoptimized + debuginfo] target(s) in 5.71s
[INFO] running `Command { std: "docker" "inspect" "7e08ba04bd9a27b0e660ec1d9296f221577d62ebbbb5b483df0470e552d2f097", kill_on_drop: false }`
[INFO] running `Command { std: "docker" "rm" "-f" "7e08ba04bd9a27b0e660ec1d9296f221577d62ebbbb5b483df0470e552d2f097", kill_on_drop: false }`
[INFO] [stdout] 7e08ba04bd9a27b0e660ec1d9296f221577d62ebbbb5b483df0470e552d2f097
[INFO] running `Command { std: "docker" "create" "-v" "/var/lib/crater-agent-workspace/builds/worker-0/target:/opt/rustwide/target:rw,Z" "-v" "/var/lib/crater-agent-workspace/builds/worker-0/source:/opt/rustwide/workdir:ro,Z" "-v" "/var/lib/crater-agent-workspace/cargo-home:/opt/rustwide/cargo-home:ro,Z" "-v" "/var/lib/crater-agent-workspace/rustup-home:/opt/rustwide/rustup-home:ro,Z" "-e" "SOURCE_DIR=/opt/rustwide/workdir" "-e" "CARGO_TARGET_DIR=/opt/rustwide/target" "-e" "CARGO_INCREMENTAL=0" "-e" "RUST_BACKTRACE=full" "-e" "RUSTFLAGS=--cap-lints=forbid" "-e" "CARGO_HOME=/opt/rustwide/cargo-home" "-e" "RUSTUP_HOME=/opt/rustwide/rustup-home" "-w" "/opt/rustwide/workdir" "-m" "1610612736" "--user" "0:0" "--network" "none" "ghcr.io/rust-lang/crates-build-env/linux@sha256:20528e8c29e4536546f0102ce88568b16ea7538393a33fcca951030f7af10457" "/opt/rustwide/cargo-home/bin/cargo" "+881c1ac408d93bb7adaa3a51dabab9266e82eee8" "test" "--frozen" "--no-run" "--message-format=json", kill_on_drop: false }`
[INFO] [stderr] WARNING: Your kernel does not support swap limit capabilities or the cgroup is not mounted. Memory limited without swap.
[INFO] [stdout] 4cce8826a22121587f7c45289f08274f430aebf0013981d3f581eabdb466c5ab
[INFO] running `Command { std: "docker" "start" "-a" "4cce8826a22121587f7c45289f08274f430aebf0013981d3f581eabdb466c5ab", kill_on_drop: false }`
[INFO] [stderr]    Compiling rust-blas v0.1.3 (/opt/rustwide/workdir)
[INFO] [stdout] error: linking with `cc` failed: exit status: 1
[INFO] [stdout]   |
[INFO] [stdout]   = note: "cc" "-m64" "-Wl,--eh-frame-hdr" "-Wl,-znoexecstack" "-Wl,--as-needed" "-L" "/opt/rustwide/rustup-home/toolchains/881c1ac408d93bb7adaa3a51dabab9266e82eee8/lib/rustlib/x86_64-unknown-linux-gnu/lib" "/opt/rustwide/target/debug/examples/readme-a4e73804f58e29b2.readme.3z02dwzw-cgu.0.rcgu.o" "/opt/rustwide/target/debug/examples/readme-a4e73804f58e29b2.readme.3z02dwzw-cgu.1.rcgu.o" "/opt/rustwide/target/debug/examples/readme-a4e73804f58e29b2.readme.3z02dwzw-cgu.10.rcgu.o" "/opt/rustwide/target/debug/examples/readme-a4e73804f58e29b2.readme.3z02dwzw-cgu.11.rcgu.o" "/opt/rustwide/target/debug/examples/readme-a4e73804f58e29b2.readme.3z02dwzw-cgu.12.rcgu.o" "/opt/rustwide/target/debug/examples/readme-a4e73804f58e29b2.readme.3z02dwzw-cgu.13.rcgu.o" "/opt/rustwide/target/debug/examples/readme-a4e73804f58e29b2.readme.3z02dwzw-cgu.14.rcgu.o" "/opt/rustwide/target/debug/examples/readme-a4e73804f58e29b2.readme.3z02dwzw-cgu.15.rcgu.o" "/opt/rustwide/target/debug/examples/readme-a4e73804f58e29b2.readme.3z02dwzw-cgu.2.rcgu.o" "/opt/rustwide/target/debug/examples/readme-a4e73804f58e29b2.readme.3z02dwzw-cgu.3.rcgu.o" "/opt/rustwide/target/debug/examples/readme-a4e73804f58e29b2.readme.3z02dwzw-cgu.4.rcgu.o" "/opt/rustwide/target/debug/examples/readme-a4e73804f58e29b2.readme.3z02dwzw-cgu.5.rcgu.o" "/opt/rustwide/target/debug/examples/readme-a4e73804f58e29b2.readme.3z02dwzw-cgu.6.rcgu.o" "/opt/rustwide/target/debug/examples/readme-a4e73804f58e29b2.readme.3z02dwzw-cgu.7.rcgu.o" "/opt/rustwide/target/debug/examples/readme-a4e73804f58e29b2.readme.3z02dwzw-cgu.8.rcgu.o" "/opt/rustwide/target/debug/examples/readme-a4e73804f58e29b2.readme.3z02dwzw-cgu.9.rcgu.o" "-o" "/opt/rustwide/target/debug/examples/readme-a4e73804f58e29b2" "/opt/rustwide/target/debug/examples/readme-a4e73804f58e29b2.mncclubc5vhzis8.rcgu.o" "-Wl,--gc-sections" "-pie" "-Wl,-zrelro" "-Wl,-znow" "-nodefaultlibs" "-L" "/opt/rustwide/target/debug/deps" "-L" "/opt/rustwide/rustup-home/toolchains/881c1ac408d93bb7adaa3a51dabab9266e82eee8/lib/rustlib/x86_64-unknown-linux-gnu/lib" "-Wl,-Bstatic" "/opt/rustwide/target/debug/deps/librust_blas-08e986c335a9149b.rlib" "/opt/rustwide/target/debug/deps/libnum-7ec980f85b852af4.rlib" "/opt/rustwide/target/debug/deps/libnum_rational-2463f75e0f93ac43.rlib" "/opt/rustwide/target/debug/deps/libnum_iter-fb6e240aff9d0189.rlib" "/opt/rustwide/target/debug/deps/libnum_bigint-955197b01c5bf53c.rlib" "/opt/rustwide/target/debug/deps/libnum_integer-9bc6ca1aa5929168.rlib" "/opt/rustwide/target/debug/deps/libnum_complex-89b2fb864d77e120.rlib" "/opt/rustwide/target/debug/deps/libnum_traits-4038f5158ac60dba.rlib" "/opt/rustwide/target/debug/deps/liblibc-deb0d2a7a5ef4206.rlib" "-Wl,--start-group" "/opt/rustwide/rustup-home/toolchains/881c1ac408d93bb7adaa3a51dabab9266e82eee8/lib/rustlib/x86_64-unknown-linux-gnu/lib/libstd-c6dddd3d354e6bea.rlib" "/opt/rustwide/rustup-home/toolchains/881c1ac408d93bb7adaa3a51dabab9266e82eee8/lib/rustlib/x86_64-unknown-linux-gnu/lib/libpanic_unwind-c2ca47afdcc5e309.rlib" "/opt/rustwide/rustup-home/toolchains/881c1ac408d93bb7adaa3a51dabab9266e82eee8/lib/rustlib/x86_64-unknown-linux-gnu/lib/libminiz_oxide-b47be2942017e108.rlib" "/opt/rustwide/rustup-home/toolchains/881c1ac408d93bb7adaa3a51dabab9266e82eee8/lib/rustlib/x86_64-unknown-linux-gnu/lib/libadler-20a1e49116ab0df9.rlib" "/opt/rustwide/rustup-home/toolchains/881c1ac408d93bb7adaa3a51dabab9266e82eee8/lib/rustlib/x86_64-unknown-linux-gnu/lib/libobject-25e09d9868291683.rlib" "/opt/rustwide/rustup-home/toolchains/881c1ac408d93bb7adaa3a51dabab9266e82eee8/lib/rustlib/x86_64-unknown-linux-gnu/lib/libaddr2line-9c99fb6e5ca5159e.rlib" "/opt/rustwide/rustup-home/toolchains/881c1ac408d93bb7adaa3a51dabab9266e82eee8/lib/rustlib/x86_64-unknown-linux-gnu/lib/libgimli-85040d7563599960.rlib" "/opt/rustwide/rustup-home/toolchains/881c1ac408d93bb7adaa3a51dabab9266e82eee8/lib/rustlib/x86_64-unknown-linux-gnu/lib/libstd_detect-0e4f7587da8acf20.rlib" "/opt/rustwide/rustup-home/toolchains/881c1ac408d93bb7adaa3a51dabab9266e82eee8/lib/rustlib/x86_64-unknown-linux-gnu/lib/librustc_demangle-7be0a6711ed15b5c.rlib" "/opt/rustwide/rustup-home/toolchains/881c1ac408d93bb7adaa3a51dabab9266e82eee8/lib/rustlib/x86_64-unknown-linux-gnu/lib/libhashbrown-00672fabc4ff9c9d.rlib" "/opt/rustwide/rustup-home/toolchains/881c1ac408d93bb7adaa3a51dabab9266e82eee8/lib/rustlib/x86_64-unknown-linux-gnu/lib/librustc_std_workspace_alloc-72fe231ef0473d15.rlib" "/opt/rustwide/rustup-home/toolchains/881c1ac408d93bb7adaa3a51dabab9266e82eee8/lib/rustlib/x86_64-unknown-linux-gnu/lib/libunwind-019d54ecc304b655.rlib" "/opt/rustwide/rustup-home/toolchains/881c1ac408d93bb7adaa3a51dabab9266e82eee8/lib/rustlib/x86_64-unknown-linux-gnu/lib/libcfg_if-cc7d9343e4f608be.rlib" "/opt/rustwide/rustup-home/toolchains/881c1ac408d93bb7adaa3a51dabab9266e82eee8/lib/rustlib/x86_64-unknown-linux-gnu/lib/liblibc-e41c6d24baeb2249.rlib" "/opt/rustwide/rustup-home/toolchains/881c1ac408d93bb7adaa3a51dabab9266e82eee8/lib/rustlib/x86_64-unknown-linux-gnu/lib/liballoc-9849bb0fbad7f0f5.rlib" "/opt/rustwide/rustup-home/toolchains/881c1ac408d93bb7adaa3a51dabab9266e82eee8/lib/rustlib/x86_64-unknown-linux-gnu/lib/librustc_std_workspace_core-a1fd7734706d5518.rlib" "/opt/rustwide/rustup-home/toolchains/881c1ac408d93bb7adaa3a51dabab9266e82eee8/lib/rustlib/x86_64-unknown-linux-gnu/lib/libcore-c8ded1707ad10767.rlib" "-Wl,--end-group" "/opt/rustwide/rustup-home/toolchains/881c1ac408d93bb7adaa3a51dabab9266e82eee8/lib/rustlib/x86_64-unknown-linux-gnu/lib/libcompiler_builtins-8b33f9cbbc9652fe.rlib" "-Wl,-Bdynamic" "-lopenblas" "-lutil" "-ldl" "-lutil" "-lgcc_s" "-lutil" "-lrt" "-lpthread" "-lm" "-ldl" "-lc"
[INFO] [stdout]   = note: /usr/bin/ld: cannot find -lopenblas
[INFO] [stdout]           collect2: error: ld returned 1 exit status
[INFO] [stdout]           
[INFO] [stdout] 
[INFO] [stdout] 
[INFO] [stdout] error: aborting due to previous error
[INFO] [stdout] 
[INFO] [stdout] 
[INFO] [stderr] error: could not compile `rust-blas`
[INFO] [stderr] 
[INFO] [stderr] To learn more, run the command again with --verbose.
[INFO] [stderr] warning: build failed, waiting for other jobs to finish...
[INFO] [stdout] error: linking with `cc` failed: exit status: 1
[INFO] [stdout]   |
[INFO] [stdout]   = note: "cc" "-m64" "-Wl,--eh-frame-hdr" "-Wl,-znoexecstack" "-Wl,--as-needed" "-L" "/opt/rustwide/rustup-home/toolchains/881c1ac408d93bb7adaa3a51dabab9266e82eee8/lib/rustlib/x86_64-unknown-linux-gnu/lib" "/opt/rustwide/target/debug/examples/math-fdb37f165b620715.math.b2z73r2q-cgu.0.rcgu.o" "/opt/rustwide/target/debug/examples/math-fdb37f165b620715.math.b2z73r2q-cgu.1.rcgu.o" "/opt/rustwide/target/debug/examples/math-fdb37f165b620715.math.b2z73r2q-cgu.10.rcgu.o" "/opt/rustwide/target/debug/examples/math-fdb37f165b620715.math.b2z73r2q-cgu.11.rcgu.o" "/opt/rustwide/target/debug/examples/math-fdb37f165b620715.math.b2z73r2q-cgu.12.rcgu.o" "/opt/rustwide/target/debug/examples/math-fdb37f165b620715.math.b2z73r2q-cgu.13.rcgu.o" "/opt/rustwide/target/debug/examples/math-fdb37f165b620715.math.b2z73r2q-cgu.14.rcgu.o" "/opt/rustwide/target/debug/examples/math-fdb37f165b620715.math.b2z73r2q-cgu.15.rcgu.o" "/opt/rustwide/target/debug/examples/math-fdb37f165b620715.math.b2z73r2q-cgu.2.rcgu.o" "/opt/rustwide/target/debug/examples/math-fdb37f165b620715.math.b2z73r2q-cgu.3.rcgu.o" "/opt/rustwide/target/debug/examples/math-fdb37f165b620715.math.b2z73r2q-cgu.4.rcgu.o" "/opt/rustwide/target/debug/examples/math-fdb37f165b620715.math.b2z73r2q-cgu.5.rcgu.o" "/opt/rustwide/target/debug/examples/math-fdb37f165b620715.math.b2z73r2q-cgu.6.rcgu.o" "/opt/rustwide/target/debug/examples/math-fdb37f165b620715.math.b2z73r2q-cgu.7.rcgu.o" "/opt/rustwide/target/debug/examples/math-fdb37f165b620715.math.b2z73r2q-cgu.8.rcgu.o" "/opt/rustwide/target/debug/examples/math-fdb37f165b620715.math.b2z73r2q-cgu.9.rcgu.o" "-o" "/opt/rustwide/target/debug/examples/math-fdb37f165b620715" "/opt/rustwide/target/debug/examples/math-fdb37f165b620715.7253cy4qlugpz8g.rcgu.o" "-Wl,--gc-sections" "-pie" "-Wl,-zrelro" "-Wl,-znow" "-nodefaultlibs" "-L" "/opt/rustwide/target/debug/deps" "-L" "/opt/rustwide/rustup-home/toolchains/881c1ac408d93bb7adaa3a51dabab9266e82eee8/lib/rustlib/x86_64-unknown-linux-gnu/lib" "-Wl,-Bstatic" "/opt/rustwide/target/debug/deps/librust_blas-08e986c335a9149b.rlib" "/opt/rustwide/target/debug/deps/libnum-7ec980f85b852af4.rlib" "/opt/rustwide/target/debug/deps/libnum_rational-2463f75e0f93ac43.rlib" "/opt/rustwide/target/debug/deps/libnum_iter-fb6e240aff9d0189.rlib" "/opt/rustwide/target/debug/deps/libnum_bigint-955197b01c5bf53c.rlib" "/opt/rustwide/target/debug/deps/libnum_integer-9bc6ca1aa5929168.rlib" "/opt/rustwide/target/debug/deps/libnum_complex-89b2fb864d77e120.rlib" "/opt/rustwide/target/debug/deps/libnum_traits-4038f5158ac60dba.rlib" "/opt/rustwide/target/debug/deps/liblibc-deb0d2a7a5ef4206.rlib" "-Wl,--start-group" "/opt/rustwide/rustup-home/toolchains/881c1ac408d93bb7adaa3a51dabab9266e82eee8/lib/rustlib/x86_64-unknown-linux-gnu/lib/libstd-c6dddd3d354e6bea.rlib" "/opt/rustwide/rustup-home/toolchains/881c1ac408d93bb7adaa3a51dabab9266e82eee8/lib/rustlib/x86_64-unknown-linux-gnu/lib/libpanic_unwind-c2ca47afdcc5e309.rlib" "/opt/rustwide/rustup-home/toolchains/881c1ac408d93bb7adaa3a51dabab9266e82eee8/lib/rustlib/x86_64-unknown-linux-gnu/lib/libminiz_oxide-b47be2942017e108.rlib" "/opt/rustwide/rustup-home/toolchains/881c1ac408d93bb7adaa3a51dabab9266e82eee8/lib/rustlib/x86_64-unknown-linux-gnu/lib/libadler-20a1e49116ab0df9.rlib" "/opt/rustwide/rustup-home/toolchains/881c1ac408d93bb7adaa3a51dabab9266e82eee8/lib/rustlib/x86_64-unknown-linux-gnu/lib/libobject-25e09d9868291683.rlib" "/opt/rustwide/rustup-home/toolchains/881c1ac408d93bb7adaa3a51dabab9266e82eee8/lib/rustlib/x86_64-unknown-linux-gnu/lib/libaddr2line-9c99fb6e5ca5159e.rlib" "/opt/rustwide/rustup-home/toolchains/881c1ac408d93bb7adaa3a51dabab9266e82eee8/lib/rustlib/x86_64-unknown-linux-gnu/lib/libgimli-85040d7563599960.rlib" "/opt/rustwide/rustup-home/toolchains/881c1ac408d93bb7adaa3a51dabab9266e82eee8/lib/rustlib/x86_64-unknown-linux-gnu/lib/libstd_detect-0e4f7587da8acf20.rlib" "/opt/rustwide/rustup-home/toolchains/881c1ac408d93bb7adaa3a51dabab9266e82eee8/lib/rustlib/x86_64-unknown-linux-gnu/lib/librustc_demangle-7be0a6711ed15b5c.rlib" "/opt/rustwide/rustup-home/toolchains/881c1ac408d93bb7adaa3a51dabab9266e82eee8/lib/rustlib/x86_64-unknown-linux-gnu/lib/libhashbrown-00672fabc4ff9c9d.rlib" "/opt/rustwide/rustup-home/toolchains/881c1ac408d93bb7adaa3a51dabab9266e82eee8/lib/rustlib/x86_64-unknown-linux-gnu/lib/librustc_std_workspace_alloc-72fe231ef0473d15.rlib" "/opt/rustwide/rustup-home/toolchains/881c1ac408d93bb7adaa3a51dabab9266e82eee8/lib/rustlib/x86_64-unknown-linux-gnu/lib/libunwind-019d54ecc304b655.rlib" "/opt/rustwide/rustup-home/toolchains/881c1ac408d93bb7adaa3a51dabab9266e82eee8/lib/rustlib/x86_64-unknown-linux-gnu/lib/libcfg_if-cc7d9343e4f608be.rlib" "/opt/rustwide/rustup-home/toolchains/881c1ac408d93bb7adaa3a51dabab9266e82eee8/lib/rustlib/x86_64-unknown-linux-gnu/lib/liblibc-e41c6d24baeb2249.rlib" "/opt/rustwide/rustup-home/toolchains/881c1ac408d93bb7adaa3a51dabab9266e82eee8/lib/rustlib/x86_64-unknown-linux-gnu/lib/liballoc-9849bb0fbad7f0f5.rlib" "/opt/rustwide/rustup-home/toolchains/881c1ac408d93bb7adaa3a51dabab9266e82eee8/lib/rustlib/x86_64-unknown-linux-gnu/lib/librustc_std_workspace_core-a1fd7734706d5518.rlib" "/opt/rustwide/rustup-home/toolchains/881c1ac408d93bb7adaa3a51dabab9266e82eee8/lib/rustlib/x86_64-unknown-linux-gnu/lib/libcore-c8ded1707ad10767.rlib" "-Wl,--end-group" "/opt/rustwide/rustup-home/toolchains/881c1ac408d93bb7adaa3a51dabab9266e82eee8/lib/rustlib/x86_64-unknown-linux-gnu/lib/libcompiler_builtins-8b33f9cbbc9652fe.rlib" "-Wl,-Bdynamic" "-lopenblas" "-lutil" "-ldl" "-lutil" "-lgcc_s" "-lutil" "-lrt" "-lpthread" "-lm" "-ldl" "-lc"
[INFO] [stdout]   = note: /usr/bin/ld: cannot find -lopenblas
[INFO] [stdout]           collect2: error: ld returned 1 exit status
[INFO] [stdout]           
[INFO] [stdout] 
[INFO] [stdout] 
[INFO] [stdout] error: aborting due to previous error
[INFO] [stdout] 
[INFO] [stdout] 
[INFO] [stdout] error: linking with `cc` failed: exit status: 1
[INFO] [stdout]   |
[INFO] [stdout]   = note: "cc" "-m64" "-Wl,--eh-frame-hdr" "-Wl,-znoexecstack" "-Wl,--as-needed" "-L" "/opt/rustwide/rustup-home/toolchains/881c1ac408d93bb7adaa3a51dabab9266e82eee8/lib/rustlib/x86_64-unknown-linux-gnu/lib" "/opt/rustwide/target/debug/deps/rust_blas-6e72f501a4473363.rust_blas.84y06ncl-cgu.0.rcgu.o" "/opt/rustwide/target/debug/deps/rust_blas-6e72f501a4473363.rust_blas.84y06ncl-cgu.1.rcgu.o" "/opt/rustwide/target/debug/deps/rust_blas-6e72f501a4473363.rust_blas.84y06ncl-cgu.10.rcgu.o" "/opt/rustwide/target/debug/deps/rust_blas-6e72f501a4473363.rust_blas.84y06ncl-cgu.11.rcgu.o" "/opt/rustwide/target/debug/deps/rust_blas-6e72f501a4473363.rust_blas.84y06ncl-cgu.12.rcgu.o" "/opt/rustwide/target/debug/deps/rust_blas-6e72f501a4473363.rust_blas.84y06ncl-cgu.13.rcgu.o" "/opt/rustwide/target/debug/deps/rust_blas-6e72f501a4473363.rust_blas.84y06ncl-cgu.14.rcgu.o" "/opt/rustwide/target/debug/deps/rust_blas-6e72f501a4473363.rust_blas.84y06ncl-cgu.15.rcgu.o" "/opt/rustwide/target/debug/deps/rust_blas-6e72f501a4473363.rust_blas.84y06ncl-cgu.2.rcgu.o" "/opt/rustwide/target/debug/deps/rust_blas-6e72f501a4473363.rust_blas.84y06ncl-cgu.3.rcgu.o" "/opt/rustwide/target/debug/deps/rust_blas-6e72f501a4473363.rust_blas.84y06ncl-cgu.4.rcgu.o" "/opt/rustwide/target/debug/deps/rust_blas-6e72f501a4473363.rust_blas.84y06ncl-cgu.5.rcgu.o" "/opt/rustwide/target/debug/deps/rust_blas-6e72f501a4473363.rust_blas.84y06ncl-cgu.6.rcgu.o" "/opt/rustwide/target/debug/deps/rust_blas-6e72f501a4473363.rust_blas.84y06ncl-cgu.7.rcgu.o" "/opt/rustwide/target/debug/deps/rust_blas-6e72f501a4473363.rust_blas.84y06ncl-cgu.8.rcgu.o" "/opt/rustwide/target/debug/deps/rust_blas-6e72f501a4473363.rust_blas.84y06ncl-cgu.9.rcgu.o" "-o" "/opt/rustwide/target/debug/deps/rust_blas-6e72f501a4473363" "/opt/rustwide/target/debug/deps/rust_blas-6e72f501a4473363.4mf0423tm90g0q5o.rcgu.o" "-Wl,--gc-sections" "-pie" "-Wl,-zrelro" "-Wl,-znow" "-nodefaultlibs" "-L" "/opt/rustwide/target/debug/deps" "-L" "/opt/rustwide/rustup-home/toolchains/881c1ac408d93bb7adaa3a51dabab9266e82eee8/lib/rustlib/x86_64-unknown-linux-gnu/lib" "-lopenblas" "-Wl,-Bstatic" "/opt/rustwide/rustup-home/toolchains/881c1ac408d93bb7adaa3a51dabab9266e82eee8/lib/rustlib/x86_64-unknown-linux-gnu/lib/libtest-e0d08a82dcb7da7b.rlib" "/opt/rustwide/rustup-home/toolchains/881c1ac408d93bb7adaa3a51dabab9266e82eee8/lib/rustlib/x86_64-unknown-linux-gnu/lib/libterm-24036eb8e889985c.rlib" "/opt/rustwide/rustup-home/toolchains/881c1ac408d93bb7adaa3a51dabab9266e82eee8/lib/rustlib/x86_64-unknown-linux-gnu/lib/libgetopts-759d40b5d9a6a451.rlib" "/opt/rustwide/rustup-home/toolchains/881c1ac408d93bb7adaa3a51dabab9266e82eee8/lib/rustlib/x86_64-unknown-linux-gnu/lib/libunicode_width-7590543c881e6235.rlib" "/opt/rustwide/rustup-home/toolchains/881c1ac408d93bb7adaa3a51dabab9266e82eee8/lib/rustlib/x86_64-unknown-linux-gnu/lib/librustc_std_workspace_std-56b60793e4f96438.rlib" "/opt/rustwide/target/debug/deps/libnum-7ec980f85b852af4.rlib" "/opt/rustwide/target/debug/deps/libnum_rational-2463f75e0f93ac43.rlib" "/opt/rustwide/target/debug/deps/libnum_iter-fb6e240aff9d0189.rlib" "/opt/rustwide/target/debug/deps/libnum_bigint-955197b01c5bf53c.rlib" "/opt/rustwide/target/debug/deps/libnum_integer-9bc6ca1aa5929168.rlib" "/opt/rustwide/target/debug/deps/libnum_complex-89b2fb864d77e120.rlib" "/opt/rustwide/target/debug/deps/libnum_traits-4038f5158ac60dba.rlib" "/opt/rustwide/target/debug/deps/liblibc-deb0d2a7a5ef4206.rlib" "-Wl,--start-group" "/opt/rustwide/rustup-home/toolchains/881c1ac408d93bb7adaa3a51dabab9266e82eee8/lib/rustlib/x86_64-unknown-linux-gnu/lib/libstd-c6dddd3d354e6bea.rlib" "/opt/rustwide/rustup-home/toolchains/881c1ac408d93bb7adaa3a51dabab9266e82eee8/lib/rustlib/x86_64-unknown-linux-gnu/lib/libpanic_unwind-c2ca47afdcc5e309.rlib" "/opt/rustwide/rustup-home/toolchains/881c1ac408d93bb7adaa3a51dabab9266e82eee8/lib/rustlib/x86_64-unknown-linux-gnu/lib/libminiz_oxide-b47be2942017e108.rlib" "/opt/rustwide/rustup-home/toolchains/881c1ac408d93bb7adaa3a51dabab9266e82eee8/lib/rustlib/x86_64-unknown-linux-gnu/lib/libadler-20a1e49116ab0df9.rlib" "/opt/rustwide/rustup-home/toolchains/881c1ac408d93bb7adaa3a51dabab9266e82eee8/lib/rustlib/x86_64-unknown-linux-gnu/lib/libobject-25e09d9868291683.rlib" "/opt/rustwide/rustup-home/toolchains/881c1ac408d93bb7adaa3a51dabab9266e82eee8/lib/rustlib/x86_64-unknown-linux-gnu/lib/libaddr2line-9c99fb6e5ca5159e.rlib" "/opt/rustwide/rustup-home/toolchains/881c1ac408d93bb7adaa3a51dabab9266e82eee8/lib/rustlib/x86_64-unknown-linux-gnu/lib/libgimli-85040d7563599960.rlib" "/opt/rustwide/rustup-home/toolchains/881c1ac408d93bb7adaa3a51dabab9266e82eee8/lib/rustlib/x86_64-unknown-linux-gnu/lib/libstd_detect-0e4f7587da8acf20.rlib" "/opt/rustwide/rustup-home/toolchains/881c1ac408d93bb7adaa3a51dabab9266e82eee8/lib/rustlib/x86_64-unknown-linux-gnu/lib/librustc_demangle-7be0a6711ed15b5c.rlib" "/opt/rustwide/rustup-home/toolchains/881c1ac408d93bb7adaa3a51dabab9266e82eee8/lib/rustlib/x86_64-unknown-linux-gnu/lib/libhashbrown-00672fabc4ff9c9d.rlib" "/opt/rustwide/rustup-home/toolchains/881c1ac408d93bb7adaa3a51dabab9266e82eee8/lib/rustlib/x86_64-unknown-linux-gnu/lib/librustc_std_workspace_alloc-72fe231ef0473d15.rlib" "/opt/rustwide/rustup-home/toolchains/881c1ac408d93bb7adaa3a51dabab9266e82eee8/lib/rustlib/x86_64-unknown-linux-gnu/lib/libunwind-019d54ecc304b655.rlib" "/opt/rustwide/rustup-home/toolchains/881c1ac408d93bb7adaa3a51dabab9266e82eee8/lib/rustlib/x86_64-unknown-linux-gnu/lib/libcfg_if-cc7d9343e4f608be.rlib" "/opt/rustwide/rustup-home/toolchains/881c1ac408d93bb7adaa3a51dabab9266e82eee8/lib/rustlib/x86_64-unknown-linux-gnu/lib/liblibc-e41c6d24baeb2249.rlib" "/opt/rustwide/rustup-home/toolchains/881c1ac408d93bb7adaa3a51dabab9266e82eee8/lib/rustlib/x86_64-unknown-linux-gnu/lib/liballoc-9849bb0fbad7f0f5.rlib" "/opt/rustwide/rustup-home/toolchains/881c1ac408d93bb7adaa3a51dabab9266e82eee8/lib/rustlib/x86_64-unknown-linux-gnu/lib/librustc_std_workspace_core-a1fd7734706d5518.rlib" "/opt/rustwide/rustup-home/toolchains/881c1ac408d93bb7adaa3a51dabab9266e82eee8/lib/rustlib/x86_64-unknown-linux-gnu/lib/libcore-c8ded1707ad10767.rlib" "-Wl,--end-group" "/opt/rustwide/rustup-home/toolchains/881c1ac408d93bb7adaa3a51dabab9266e82eee8/lib/rustlib/x86_64-unknown-linux-gnu/lib/libcompiler_builtins-8b33f9cbbc9652fe.rlib" "-Wl,-Bdynamic" "-lutil" "-ldl" "-lutil" "-lgcc_s" "-lutil" "-lrt" "-lpthread" "-lm" "-ldl" "-lc"
[INFO] [stdout]   = note: /usr/bin/ld: cannot find -lopenblas
[INFO] [stdout]           collect2: error: ld returned 1 exit status
[INFO] [stdout]           
[INFO] [stdout] 
[INFO] [stdout] 
[INFO] [stdout] error: aborting due to previous error
[INFO] [stdout] 
[INFO] [stdout] 
[INFO] [stderr] error: build failed
[INFO] running `Command { std: "docker" "inspect" "4cce8826a22121587f7c45289f08274f430aebf0013981d3f581eabdb466c5ab", kill_on_drop: false }`
[INFO] running `Command { std: "docker" "rm" "-f" "4cce8826a22121587f7c45289f08274f430aebf0013981d3f581eabdb466c5ab", kill_on_drop: false }`
[INFO] [stdout] 4cce8826a22121587f7c45289f08274f430aebf0013981d3f581eabdb466c5ab
